= 127 + -127. Suppose -b + o*b = 0, 0 = -f - 4*b - 19. Let z = f - -65. Is z composite?
True
Let a(x) = 40 - 328*x + 37*x + 20*x. Is a(-3) a prime number?
True
Let l(k) = 98*k - 6. Let t(i) = i**3 + 2*i**2 - i + 9. Let p be t(0). Let d be l(p). Let u = d - 479. Is u a composite number?
False
Let v be 3/(-51) - 667829/(-17). Let f = -25263 + v. Is f a composite number?
True
Let m = 4496 + -6660. Let d = -5 + 4. Is (252/(-72))/(d*(-2)/m) composite?
True
Let m(r) = r**2 - 19*r - 18. Let a be m(20). Suppose -3*s = 0, -a*u - 6*s + 2*s + 9062 = 0. Is u composite?
True
Let h = 11633 + 12829. Suppose b = 2*a - 11147 - 13335, 2*a = -4*b + h. Is a a composite number?
False
Let c(l) = -l**2 - 19*l - 30. Let h be c(-17). Suppose 0*z = -2*z - h. Is -1*z*1/(-2)*-149 a composite number?
False
Let n(d) = 6*d**2 + 9*d + 1. Let m be n(-5). Let i = m - 109. Is 2579*2*(-8)/(48/i) a composite number?
False
Let q(x) be the second derivative of 103*x**4/12 + x**3/6 - x**2/2 + 14*x - 6. Let f be (-7)/5 - (-9)/(-15). Is q(f) prime?
True
Let f be (6 + 21)/(-9) + 81/(-1). Let a = f - -86. Let t(d) = 78*d**3 + 5*d**2 - 3*d + 3. Is t(a) composite?
False
Let m(k) = 4347*k - 33. Suppose -8 - 2 = -5*w. Is m(w) a composite number?
True
Let w(x) = 12*x**2 + 2*x - 4. Let v be w(1). Suppose v*t + 1516 = 12506. Is t a prime number?
False
Suppose -54*p = -5*z - 53*p + 489099, p = 3*z - 293461. Is z a prime number?
False
Let n(w) = 44*w**2 - 252*w - 615. Is n(206) a prime number?
False
Let n(k) = -14109*k + 6. Let u(f) = -14108*f + 7. Let t(d) = -3*n(d) + 2*u(d). Is t(1) a composite number?
False
Suppose 16*n - 20 = -4*n. Is (-52)/26 + 1/n + 10352 a composite number?
True
Let o be 1*4/(-8)*-26. Suppose o*d = 43*d - 1137030. Is d prime?
False
Suppose -19*i + 27 = -10*i. Suppose -b + i = 0, -3*b + 3498 = n + 1286. Is n prime?
True
Suppose 3*j - 38806 = -4*h + 20889, -4*h + 59694 = 2*j. Is h composite?
False
Let q(f) = -39*f**3 - 15*f**2 + f - 1. Let w(h) = -13*h**3 - 5*h**2 - 1. Let b(r) = -3*q(r) + 8*w(r). Is b(3) prime?
False
Let a be 5 + (-5 - 0/4). Suppose -5*l + 6126 - 1046 = a. Suppose 5*o = -3*x + 4310, -o - 4*x + l = 154. Is o a prime number?
False
Let a = -105 + 41. Let w = a + 68. Suppose w*g + g + 5*y = 1725, 5*g - 1729 = -3*y. Is g composite?
False
Suppose 13 = -10*c + 63. Suppose -2*x + 0*x + 3*o = -4046, 4*x + c*o = 8048. Is x composite?
False
Let p = -28 + 32. Suppose -p*q - 5363 - 2066 = 3*x, -q - 1856 = x. Let d = q - -3358. Is d a prime number?
False
Suppose 538*c - 301697 = 527*c. Is c composite?
False
Let s be -22 + 679 + 1*-2 + 0. Suppose 0 = -5*u - s + 1770. Is u prime?
True
Suppose 7*y = 17*y - 30. Let h be 3 - (-5)/(5/y). Let t(x) = 64*x**2 + x + 11. Is t(h) composite?
True
Let n = 109591 + -60409. Suppose n = 32*o - 26*o. Is o prime?
False
Let k be (-3)/(-6) - (-12)/8. Suppose 4*l + 54 = -k*l. Is ((-12339)/(-6))/l*-6 composite?
True
Let c = 1364 + -676. Let f(n) = -c*n + 86 - 187 + 92. Is f(-2) composite?
False
Let c(l) = 57*l**2 - l - 15 - 37*l + 37*l**2. Is c(-11) a composite number?
False
Let u(n) = n**2 - 30*n + 4. Let z be u(30). Suppose -4*y - 2794 = -5*o - 16327, -z*o - 20 = 0. Is y a prime number?
False
Suppose 10194226 = 69*x - 2533031. Is x a prime number?
False
Suppose -1100509 - 743243 = -24*x. Is x a composite number?
True
Let s be (-2)/(-4) + (-43)/(-2). Let v = s + -18. Suppose -v*l - 5*r + 506 = -3*r, l + 3*r = 124. Is l a composite number?
False
Suppose 3*i + 4 = -3*o + 19, -5*o + 25 = -3*i. Suppose -p + 5162 = 4*u - 1284, 5*p - 4*u - 32326 = i. Suppose 4*q - 2702 = p. Is q a composite number?
True
Suppose -9*s = -3*s - 4806. Suppose 53*c + s = 56*c. Is c composite?
True
Let z = 54646 + -38813. Is z a prime number?
False
Let o(j) = 34*j**3 + 69*j**2 + 19*j - 45. Is o(13) a prime number?
True
Suppose 4*q = 5*v + 41, 2*q - 3 = 5*v + 30. Suppose -4*n = -2*f + 1552, -q*n - f - 1564 = -0*n. Let l = n - -1052. Is l prime?
False
Suppose 15*u - 24 = 36. Suppose 0 = 4*b - u*g - 2367 - 6733, 0 = -4*b + 3*g + 9096. Is b composite?
True
Let s = -151 - -291. Let w(o) = s*o**2 + 145*o**2 - 281*o**2 - 9*o. Is w(-7) composite?
True
Suppose 4*g - 10*h = 149804, 187255 = 5*g - 2*h + 3*h. Is g a prime number?
False
Let q = 2656289 + -1440870. Is q a prime number?
False
Suppose -2*u + 5*u = -9*u. Let k(d) = -d**2 + d + 5941. Is k(u) prime?
False
Suppose -21*n = -16*n. Suppose 2*z + 3 = 3*z. Suppose n = -z*u - u + 9748. Is u a prime number?
True
Let t(h) = 696*h**2 + 26*h - 359. Is t(11) a prime number?
True
Let s(a) = -314831*a + 48. Is s(-1) a composite number?
False
Suppose -4528 - 14723 = -27*y. Let c = 4404 - y. Is c a prime number?
True
Suppose 0 = 4*p - 4*v - 126484, 15*v - 17*v = -4*p + 126496. Is p composite?
False
Suppose -5*j - 877 + 3237 = 0. Let i = -126 + j. Is i composite?
True
Let y(h) = 51*h + 11 - 36*h + 18 + 6. Let o be y(-6). Let n = 158 + o. Is n a prime number?
True
Let a be 100694/26 + (-14)/(-91) + -1. Let t = a - 1095. Is t prime?
True
Let s = 24129 + 8693. Is s prime?
False
Let c be 1200/14 + 4/14. Suppose c*s - 92*s + 10254 = 0. Is s composite?
False
Let f = 20385 + -14100. Suppose 5*d - f = -2*n, -4 = n + 1. Is d composite?
False
Suppose -6*d = -7*d + 891. Suppose 8*r = d + 1453. Is r a prime number?
True
Let h = -177 + 179. Is (-1 - (-41)/h)*(-3258)/(-27) a composite number?
True
Is 19451 - (13 + -13)/10 composite?
True
Let v = 5397 + 11381. Suppose -3*l = 5*m - 16270, 5*m + 5*l - v = -498. Is m prime?
True
Let j = 16 + -11. Suppose 5*m - 45 = -j*y, -m + 13 + 0 = 2*y. Is 2/(-4)*(y + -985 + 7) a composite number?
False
Suppose -u + 20914 = w - 2683, 3*w = -5*u + 70779. Is w composite?
False
Let i(z) = -4*z**2 + 37*z - 35. Let d be i(8). Suppose -5*w + 2*n = -77647, -3*w + 7785 + 38807 = -d*n. Is w prime?
False
Suppose 5361 = 2410*x - 2413*x + 31908. Is x prime?
True
Let y = -352 + 676. Suppose 0 = 323*u - y*u + 1354. Is u composite?
True
Is (-9939549)/7*28/(-12)*1 a prime number?
True
Suppose 2*n - 4 = -8. Let v be (n - -5)*(16/(-12))/(-2). Suppose -v*g + 3*l = -3041, 0*l - 3*l = 15. Is g a prime number?
False
Suppose -4*k - 5*t + 226071 = 0, -3*k + 101649 = -t - 67909. Is k a prime number?
True
Let g = -2088 + 2092. Let y = -2 + 2. Suppose 0 = -f + 2*f + g, -3*r - 3*f + 2919 = y. Is r prime?
True
Suppose 4*i = -4*g + 9 + 23, 3*g - 20 = -4*i. Let y be (1 + -2)/(4/g). Is 125 - y/(9/(-6)) a prime number?
False
Is ((-424)/(-1802) - 31767943/(-34))/(6/4) a composite number?
False
Suppose 10 = 7*r - 4. Suppose -p - 3*p = 20, 0 = r*v + 3*p + 3. Suppose -1123 = v*s - 4045. Is s a prime number?
True
Let j(g) = 172*g + 29. Suppose -2*d = b - 110, 0 = -0*d + d - 2. Let o = -92 + b. Is j(o) a composite number?
False
Let i = -15116 - -44833. Is i prime?
True
Is 11 - ((-25292544)/(-16))/(-12) composite?
False
Let u = 20 + -18. Suppose 0 = -4*l - 5*r + 19804, 0 = 5*l - u*r - 17321 - 7401. Is l a composite number?
True
Suppose -22*u + 886460 = u - 1494293. Is u prime?
True
Let m(b) = 44*b**2 + 66*b - 1795. Is m(22) composite?
True
Let f(w) = -w**2 - 15*w - 22. Let t(n) = 3*n**2 + 44*n + 66. Let x(y) = 11*f(y) + 4*t(y). Let k be x(-5). Let h(g) = -12*g - 7. Is h(k) a composite number?
False
Suppose 9*q - 7*q = -466. Let z be 1*(-44)/8*q*2. Suppose -6*r + z = -5*r. Is r composite?
True
Suppose -5*t - 4408 - 16257 = 0. Let s = 8844 + t. Is s a composite number?
True
Let a = -23 - -21. Let z be (178/(-10))/((-4)/(-10))*a. Is 1*(2 - -5*z) prime?
False
Suppose -4*h + 36 = -2*m, -2*m = m + 3*h + 18. Let o be (-18)/m + (-2)/(-10). Suppose -v = 3, -y - o*v + 3662 = 3*y. Is y prime?
False
Suppose q + 2*r = 797, -3998 = -26*q + 21*q + 3*r. Let o = -1 + 7. Is o/(-10)*-5 + q a prime number?
False
Let v be (3 + -2)/((-5)/(-75)). Let i(w) = w + 20 + 5*w**2 - 6*w + 0*w + 3*w. Is i(v) a prime number?
False
Let o(w) = 2163*w**2 - 404*w - 10988. Is o(-27) composite?
False
Suppose 4*y = 4*h, y = -h + 3 + 5. Suppose -h*o + o + 6 = 3*d, 3*d + 29 = 4*o. Suppose -5*q + 4061 = -10*b + 6*b, 5*q - o*b - 4065 = 0. Is q a composite number?
False
Suppose -24*x + 3921421 = 616165. Is x a prime number?
False
Let l(d) = -2*d**3 + d**2 - 6*d - 17. Let t(u) = -86*u**3 + 3*u**2 - 4*u. Let b be t(1). Let s = b - -81. Is l(s) a composite number?
False
Suppose 0 = -2*t - 5*j - 24, -t